What is the tens digit of z(1)?
3
Suppose -2*c + 9 = -4*o + 35, -31 = -5*o + 2*c. Suppose 8 = i - o*k, -6*k = 3*i - 3*k + 12. What is the units digit of (-40 - 4 - -1)*i?
6
Suppose 5*j + 36305 = 10*j - 5*u, 0 = -5*u - 15. What is the hundreds digit of j?
2
Let t = 9282 + -7250. What is the thousands digit of t?
2
Let y(x) = -7*x + 14. Let d(m) = -m + 1. Let g(b) = -3*d(b) + y(b). Let v(u) = -1. Let q(i) = -g(i) - 4*v(i). What is the tens digit of q(6)?
1
Let g be (3 + 21*-7)*8/12. Let y = 375 + g. What is the tens digit of y?
7
Let l = -7695 - -11769. What is the thousands digit of l?
4
Let l be 6 + 1 + -4 + 17. Let i be l - 12 - (-8)/2. Suppose -i = -2*n + 6. What is the units digit of n?
9
What is the thousands digit of ((-3927)/68)/((-79695)/(-26576) - 3)?
6
Suppose 1569*c = -x + 1564*c + 22053, 3*c - 44071 = -2*x. What is the thousands digit of x?
2
Let s(j) = 5*j**2 - 6*j + 9. Suppose -15*z - 10 = -17*z. Suppose -2*u - w - 2 = -5*w, z*u - w - 22 = 0. What is the hundreds digit of s(u)?
1
Let f = 26536 + -23308. What is the tens digit of f?
2
Suppose 520 = -7*s + 2*s. Let k = s - -183. Let o = k - -47. What is the tens digit of o?
2
Let i be (-2 + 9 + -8)*8. Let w(h) = 3*h**2 + 20*h + 71. What is the tens digit of w(i)?
0
Suppose -42*t + 36 = -30*t. What is the tens digit of ((-310)/6 - t/(-18))*-12?
1
Suppose -47 = -51*n + 106. Let b be (-12)/30 - 52/(-5). What is the tens digit of (-372)/(-10)*b/n?
2
Let v be (-12)/18 - (-11)/3. Suppose -287 = -v*f + 2*x, -2*f = -5*x - 59 - 147. What is the tens digit of f?
9
Let t = 455 + -396. What is the hundreds digit of (-16)/(-6)*t/2*6?
4
Let r be (-318)/(-4)*(1 - 10/(-6)). Suppose r = -13*b - 321. Let h = b - -59. What is the units digit of h?
8
What is the units digit of (-196)/(-4606) - (-85442)/94?
9
Let k(c) = c + 7. Let r be k(-13). Let a = 1 + r. Let q = a - -11. What is the units digit of q?
6
Suppose 3*h + 3*i = 27561, 6*h + i = h + 45923. What is the units digit of h?
4
Suppose -2*w = -349 + 1363. Let t = w + 960. What is the tens digit of t?
5
Suppose -9*p + 4 = -23. Suppose 0*y = 3*y + a + 344, -p*a + 98 = -y. Let t = 174 + y. What is the tens digit of t?
6
Let p be (-5)/(100/35)*-4. Suppose l = -l + p*l. Suppose 0 = 5*w - 5*i - 735, w + 2*w - i - 431 = l. What is the hundreds digit of w?
1
Let o = -73 - -73. Suppose 4*l - 5*h + 22 = -33, -l - h - 7 = o. What is the units digit of (-102)/3*l/4?
5
Suppose -a + 3 + 0 = 0. Suppose 2*g = 2*m - 2, 4*m - 12 = 2*g - 0. Suppose y = 4*i + 99, -3*i = a*y - g*y + 101. What is the tens digit of y?
0
Suppose i + 29 = 29. Let y be 1 - (i + 0 - 4). Suppose -260 = -y*w + w. What is the tens digit of w?
6
Suppose 171*p - 35223782 = -312*p + 7004908. What is the units digit of p?
0
Suppose -68*j + 47*j = -137928. What is the tens digit of j?
6
Let j(h) = 23*h**3 + 3*h**2 + 9*h - 3. Let i(o) = o**3 + 15*o**2 + 34*o - 2. Let b be i(-3). What is the hundreds digit of j(b)?
5
Suppose 8*g - d - 334 = 6*g, -181 = -g - 3*d. Suppose 5792 = -g*l + 185*l. What is the tens digit of l?
6
Let x(n) = -n**3 + 32*n**2 - 3*n + 103. What is the units digit of x(32)?
7
Suppose -8*q + 2123 + 709 = 0. Suppose -5*w + 12 = w. Suppose -6 = -w*s, 3*l - 3*s + s = q. What is the hundreds digit of l?
1
Let h = -812 + 3128. What is the units digit of h?
6
Let d = -61 + 66. Suppose -5*z + 2*s = -974, z + 29 = -d*s + 213. Suppose -4*c = 4*j - 760, -c - 4*j = -8 - z. What is the tens digit of c?
8
Suppose -50*h - 6008 = -52*h - 4*s, 4*s - 4 = 0. What is the units digit of h?
2
Let l be 0 + (-453 - (0 + -3)). Let w = l - -756. Suppose -3*q + 93 = -4*k + w, -4*q = -20. What is the units digit of k?
7
Let v = 21556 - 10482. What is the hundreds digit of v?
0
Suppose 13*h - 3465 = -5*w + 14*h, -2*w - 4*h = -1408. Suppose -2*t - 229 = -k + w, 3672 = 4*k - 3*t. What is the tens digit of k?
1
Suppose -6*x + 54219 = -41205. Suppose 0 = 47*o - 39*o - x. What is the tens digit of o?
8
Let r = -21248 - -28585. What is the hundreds digit of r?
3
What is the thousands digit of (-228470)/(-35) - 54/(-189)?
6
Let c(w) = -w**3 + 34*w**2 + 3*w + 44. Let u be c(34). Let h = u + 300. What is the hundreds digit of h?
4
Let h = 306 + -313. What is the tens digit of h + (-806 + -6)/(-7)?
0
What is the ten thousands digit of 28644/1519*(-1239)/(-2)?
1
Suppose 0 = 6*l + 2*y - 484092, -y - 96601 - 226141 = -4*l. What is the tens digit of l?
8
Let r(f) = -2*f + 19. Let n be r(9). Let m be (n - (-8968)/44) + (-4)/(-22). Let k = m - 101. What is the tens digit of k?
0
Suppose 8 = -4*g - 4*f, 4*f = 7*g - 4*g + 6. What is the hundreds digit of 6*g/(-4) - (-4 + -628)?
6
Suppose -2*f - 686 = 2*t, 0 = -4*t + 7*f - 2*f - 1399. Let y = -122 - t. What is the hundreds digit of y?
2
Let l(x) be the second derivative of -1/4*x**4 - 1/6*x**3 + 0 + 9*x - 1/2*x**2 - 3/10*x**5. What is the tens digit of l(-2)?
3
Let x(u) = -2*u**2 - 38*u + 53. Let f be x(-19). Suppose -33240 = f*i - 96416. What is the tens digit of i?
9
Suppose -141661 = -7582*z + 7569*z. What is the ten thousands digit of z?
1
Suppose -2*k - 549 - 221 = 0. Let z = -100 - k. Suppose 4*a - z = a. What is the tens digit of a?
9
Let j = -476 + 479. What is the hundreds digit of (-7)/(3 + 2/(-58) - j)?
2
Let a(m) = -270*m + 283. What is the ten thousands digit of a(-42)?
1
Let r(l) = -l - 11. Let t be r(-16). Suppose -u + 4*u - 840 = -3*h, 4*h - t*u - 1102 = 0. What is the units digit of h?
8
Let b(a) = 7*a**3 + 3*a**2 + 5*a + 8. Let z be b(-2). Let w = -96 - z. Let f = 199 + w. What is the hundreds digit of f?
1
Suppose 0 = -h + 5*v + 23109, 2*h + 3877 - 50143 = -2*v. What is the thousands digit of h?
3
Suppose 0 = -5*u + 1 - 16. What is the tens digit of ((-522)/6)/(u*2/6)?
8
Let n(w) = -174*w - 2242. Let u be n(-13). Let p be (-31)/3*9/(-1). What is the tens digit of u/7*p + 10/35?
6
Let t(z) = -231*z - 5. Let k be t(5). Let q(w) = -w**2 + 28*w + 164. Let g be q(-5). What is the tens digit of g/((-3475)/k + -3)?
3
Suppose -18*b - 5*d - 23930 = -20*b, 4*b - 47834 = -3*d. What is the tens digit of b?
6
Suppose -3416 = -8*c + 3*c + 2*k, c + k - 679 = 0. What is the tens digit of c?
8
Let w(n) = 3*n**3 + n**2 - 2*n + 2. Let y be w(1). Suppose 3*z - y*q = -2*q + 2, -4 = -4*z + 2*q. Let t(c) = 73*c + 24. What is the hundreds digit of t(z)?
1
Suppose -10 = -5*h + 3*j + 26, h - 2 = -2*j. Let l(d) = -1 - h*d - 27 + 2*d**2 + 7. What is the units digit of l(7)?
5
Suppose 5*c - 4653 = -2*h, -c - 5*h = -275 - 651. What is the units digit of c?
1
Let u = 31 - 45. Let i be (u/(-10) - 1) + (-103)/(-5). What is the tens digit of (-7800)/(-91) - ((-27)/i - -1)?
8
Suppose 16*g + 31*g - 214705 = 786771. What is the thousands digit of g?
1
Suppose -10*p + 25 = -15. Suppose -f + 2*f + p*r - 23 = 0, 7 = -f + 2*r. Suppose 432 = -f*q + 6*q. What is the hundreds digit of q?
1
Let c(h) = 55*h**2 - h + 37. Let q be c(4). Let p = q - 637. What is the tens digit of p?
7
What is the units digit of (-45)/375*26045*(-5)/3?
9
Suppose -3*u = -2*u - 3. Suppose -523 + 1756 = u*j. Suppose 5*y - 4 = j. What is the tens digit of y?
8
Let h be (-47394)/(-33) - (-2)/(-11). Suppose 2*w - 1433 = -2*w - 3*z, -4*z = 4*w - h. What is the hundreds digit of w?
3
Let l = -132 + 317. What is the tens digit of (-7 - l/(-25)) + 1273/5?
5
Suppose -75*j + 42*j = -41*j + 142192. What is the hundreds digit of j?
7
Let q = -1 + 6. Suppose -5*w + 4*y = -4, 3*w + 2*y + 4 = 6*w. Suppose -w*a + a = -12, -q*a = -2*t + 32. What is the tens digit of t?
2
Let r be ((-9)/9)/(1/(-7)). What is the tens digit of 457*(r - 12/2)?
5
Let h = 4850 - 1501. What is the tens digit of h?
4
Let i = 9284 - 9220. Suppose 3*k + 4*d = -d - 96, d = -4*k - 128. Let b = k + i. What is the units digit of b?
2
Let b = 48 + -45. Suppose y - 2*y - 4*r + 27 = 0, -b*y + r = -107. Let m = -4 + y. What is the tens digit of m?
3
Let d = 15097 - -3444. What is the hundreds digit of d?
5
Let w(y) = -2*y**2 + 59*y + 67. What is the hundreds digit of w(20)?
4
Suppose 53*l - 24*l - 103820 = 0. What is the tens digit of l?
8
Let o = -4177 + 4198. Let t(r) be the second derivative of r**4/12 - 17*r**3/6 - 5*r**2/2 + r. What is the units digit of t(o)?
9
Let z = 24889 - 14271. What is the ten thousands digit of z?
1
Let a(z) = -6*z - 11. Let i be a(-3). Suppo